s the hundreds digit of d?
2
Suppose -37*v + 54*v = 38*v - 375669. What is the units digit of v?
9
Suppose 2*j + 5*h - 5084 = 0, 9*j = 8*j - 3*h + 2544. Suppose 4*l + 3*t + 2497 = 8*l, -4*t = 4*l - j. What is the hundreds digit of l?
6
Suppose -k = -4, 2*k + 11539 = 3*r - 40341. What is the thousands digit of r?
7
Suppose 0 = 59*z - 63*z - 1872. Let n = 1003 + z. What is the tens digit of n?
3
Suppose 8*y - 9628 - 25477 = 11943. What is the thousands digit of y?
5
Let u be (18/(-4))/((-18)/24). Let z(d) be the third derivative of d**5/15 + 5*d**4/12 - d**3/2 - 1105*d**2. What is the tens digit of z(u)?
0
Let h be 0 + 8 + -5 - (5 + 1). Let s be -4*(27/8)/(h/(-2)). What is the units digit of (s/(-18))/((-2)/(-144))?
6
Let z be ((-24)/(-18))/(4/6). Suppose v + 380 = -5*r, z*v + 587 = 3*r - 173. What is the tens digit of (-3)/((-15)/v*-2)?
3
Suppose -132 - 1 = -7*c. Suppose 8*j = c*j - 13112. What is the hundreds digit of j?
1
Suppose -41*j + 21 = -44*j, 4*j - 22645 = -f. What is the units digit of f?
3
Let m(t) be the second derivative of -t**3 - 5*t**2 - 11*t. Suppose 2*y + 3 = -9. What is the tens digit of m(y)?
2
Suppose 482 = -j + 448. What is the hundreds digit of (-85)/j*(-3964)/(-10)?
9
Let k(n) = 47*n - 8. Let g = -103 + 106. Suppose g - 1 = m. What is the units digit of k(m)?
6
Let c = 2 + 1. Suppose 3*b + 4*n + 40 = 273, -319 = -4*b + 3*n. Suppose c*i - 20 = b. What is the units digit of i?
3
Let d = 16 + -12. Suppose g + 5*s - 17 = 0, d*g + 5*s - 18 = 5. What is the units digit of 17/(68/72) - (g - 1)?
7
Suppose -2*y + 4*o - 6 = 0, 2*o - 17 = -2*y + y. What is the tens digit of -6 + -225*(y - 8)?
1
Suppose 0 = -3*n - 4*n. Suppose -b = 4*y + 3*b + 192, 4*b = n. What is the tens digit of (-4 + 3 + -1)*y?
9
Let z be (1 - (5 - 4))/(-2). Suppose -3*t - 194 + 791 = z. What is the tens digit of t?
9
Suppose 0 = -56*w + 976501 + 839019. What is the thousands digit of w?
2
Let h(j) = 7*j + 72. Let q be h(-10). Let n be 0/(q/(-3) + (-1)/3). Suppose 2*w - 318 = -n*w. What is the units digit of w?
9
Suppose 3*t = 2*f - 18, 0 = -2*t - 0*f + 2*f - 12. Let m be 1*(-2)/(-4) + (-15)/t. Suppose m*u - 18 - 186 = 0. What is the units digit of u?
8
Suppose 2*s = -5*t + 2164, 854 = 5*t - 3*t - 5*s. Suppose 0 = -14*z + 18*z - t. What is the units digit of z?
8
Let c be ((-15)/3 - -4 - -22) + 0. Let m(y) = 39*y - y**2 + 9 - c*y + 4*y. What is the units digit of m(18)?
1
What is the units digit of 24/30 + 53403/15?
1
Suppose 0 = -4*m, 14*h - 4*m - 7632 = 12*h. What is the hundreds digit of h?
8
Let t = -22 + 24. Suppose -3*h + 5*u = -2*h - 15, t*h - 3*u - 16 = 0. Suppose 25 = -5*i, -k + h*k - 2*i = 214. What is the units digit of k?
1
Let d(x) = -x**3 - 191*x**2 - 609*x + 599. What is the units digit of d(-189)?
8
Let j be (-4814)/5 - (-5)/(-25). Let c = -547 - j. What is the units digit of c?
6
Suppose -w - 150 = -11*w. Suppose w*h = -h + 5248. What is the units digit of h?
8
Suppose -5*q = -5*y - 176 + 3271, -5*q + 2440 = 4*y. Let h = -385 + y. What is the tens digit of h?
3
Let d = 24 - 10. Let s(k) = k**2 - 2*k + 100. Let h(g) = g**2 - 2*g + 114. Let b(y) = -9*h(y) + 10*s(y). What is the units digit of b(d)?
2
Let w(z) = -3*z**2 + 15*z - 103. Let s(k) = k**2 - 8*k + 51. Let a(m) = 5*s(m) + 2*w(m). Let l be a(-20). Let j = l - -217. What is the tens digit of j?
6
Let r = 189 + -77. Suppose 4*x - 5 = 7. Suppose 3*z = -2*i + x*i + 84, 4*z = -5*i + r. What is the tens digit of z?
2
Let x(s) = 841*s - 244. What is the thousands digit of x(2)?
1
Let o(k) = 59*k**2 + 26*k + 6. Let m be o(5). Let a = 2262 - m. What is the hundreds digit of a?
6
Suppose -59 = -3*i + j, i - 7*j - 21 = -6*j. Let u(b) = 4*b - 4*b**2 - 4 + 5*b**2 - 17*b. What is the tens digit of u(i)?
1
Let t = 41191 - 22493. What is the units digit of t?
8
Let z(w) = 51*w**2 + 4*w - 10. Let o(u) = u**2 + u - 1. Let m(s) = -3*o(s) + z(s). What is the units digit of m(3)?
8
Let p be (-1)/(-4) - 3038/(-8). Suppose -19*k + 3*h = -22*k + 36, 55 = 5*k + 4*h. Suppose -k*r = -p - 390. What is the hundreds digit of r?
1
Let o = -73 + 75. Suppose -b - 267 + 1579 = 5*k, o*k - 532 = 2*b. What is the units digit of k?
3
Let n(y) = 4*y**3 - 30*y**2 + 20*y + 116. What is the thousands digit of n(18)?
4
Let o = 1005 + -818. What is the hundreds digit of (6*o/33)/(1/19)?
6
Suppose -g + 3*a = 3, -4*g + 21 - 18 = 3*a. Suppose g = 21*n - 25*n + 440. What is the tens digit of n?
1
Let x = -144 + 149. Suppose -278 + 8 = -x*s. Suppose 46*n + 1384 = s*n. What is the tens digit of n?
7
Let j = 162 + -134. What is the hundreds digit of (-6)/(42/(-3925)) + 8/j?
5
Suppose -11*b = -3*k - 6*b + 43418, -5*k - b = -72410. What is the thousands digit of k?
4
Suppose -2*w = -3*i - 19 + 5, -w = 3*i + 2. Suppose 4*n - 676 = w*a, -a + 353 = 2*n - 0*n. What is the tens digit of n?
7
Let c(k) = 1916*k**2 - 14*k + 7. Let q(p) = 1277*p**2 - 10*p + 5. Let x(f) = 5*c(f) - 7*q(f). What is the tens digit of x(-1)?
4
Let r = 142 - 100. Suppose -2*i + r = -24. Let c = i + -17. What is the tens digit of c?
1
Suppose -2*s + 12*s - 110 = 0. Suppose -s = -a - 11. Suppose -4*q + 3*o + 169 = -a*q, -2*o + 217 = 5*q. What is the units digit of q?
3
Suppose -37 = -4*w - 17. Suppose -4*x + 16 = 0, 2*x - 5 = -w*j + 13. Suppose -2*g + 3*f = -j*f - 316, -f - 316 = -2*g. What is the hundreds digit of g?
1
Suppose 6034 = 7*t - 14*t. Let w = 369 - t. What is the tens digit of w?
3
Let h = -735 + 3199. What is the hundreds digit of h?
4
Let z(w) = 768*w + 9600. What is the units digit of z(50)?
0
Let p(c) = 3972*c + 2091. What is the ten thousands digit of p(10)?
4
Suppose 4*l - 20*b + 23*b = -27, -2*l + 3*b + 9 = 0. Let d(a) = 3*a**2 + 3*a - 6*a - 9 - 3*a**3 + 4*a + 2*a**2. What is the units digit of d(l)?
4
Suppose -t - 3*f = -8*f - 10, 17 = 3*t - 2*f. Suppose -3*h - 4*z + 2809 = 0, 2*h + t*z - 1882 = 7*z. What is the units digit of h?
9
Let y(a) = -29*a**3 - 2*a**2 + a + 1. Let f be y(-1). Let o be 9/f + 1832/3. Suppose -3*h + o = -4*k, 3*h + 4*k = 499 + 96. What is the units digit of h?
1
Let q(h) = -2*h + 4. Let c be q(0). Suppose -3*n + 106 = 4*k, 3*k = -c*n + 4*k + 116. Suppose i = n + 7. What is the tens digit of i?
3
Let c be (-1 + 0)/(3 + (-320)/104). Let t be (296/(-26))/(-4) + 2/c. What is the hundreds digit of 1 + t/(-9) - 1936/(-12)?
1
Suppose 0 = -z - r + 207 + 151, -9 = 3*r. What is the units digit of z?
1
Let g be ((-44)/11 + 419)/((-2)/(-58)). Suppose -g = 14*w - 41743. What is the tens digit of w?
2
Let p = 52 - 10. Let i be 3 + (-768)/p + (-6)/(-21). What is the tens digit of 195 - 5/(i/12)?
9
Let w = -10 - -169. What is the tens digit of ((390/18)/(-13))/((-1)/w)?
6
Let k(j) = 48*j + 47. Let q be 50/(-75)*(-15)/2. What is the hundreds digit of k(q)?
2
Let q be 40/32*44 - (-4 + -1). Let p = 939 - q. What is the hundreds digit of p?
8
Let k be (13 - 3)*42/15. What is the tens digit of 28/k*(77 + 2)?
7
Suppose -2*c - 5*y + 22147 = 0, 105*c - 3*y = 103*c + 22139. What is the ten thousands digit of c?
1
Let d = 22026 - 10747. What is the units digit of d?
9
Let i be 115/4 - ((-44)/(-16) + -2). Suppose -4*a = 4*z - 16, 0*z - 24 = -4*a + 4*z. Suppose -3*c + 14 + 21 = a*b, i = 4*b + 3*c. What is the units digit of b?
7
Suppose 146564 = 163*f - 161*f + 2*r, -3*r = 4*f - 293126. What is the thousands digit of f?
3
Suppose 11*f - 65 - 1057 = 0. Suppose 5*a = -o + f, a = -2*o + 2*a + 248. Let h = -31 + o. What is the tens digit of h?
9
What is the thousands digit of (-700)/(-21)*(-25347)/(-102)*(-6)/(-2)?
4
Let k = -21527 + 37848. What is the thousands digit of k?
6
What is the hundreds digit of -7 + 5464*20*(-24)/(-128)?
4
Let r = -780 - -332. Let m = 223 - r. What is the units digit of m?
1
Suppose 125 = -13*p + 38*p. Let i(u) = u - 7. Let q be i(7). Suppose l + 19 = p*n - 3*l, q = 5*l + 5. What is the units digit of n?
3
Let g = 22611 + -15002. What is the units digit of g?
9
What is the tens digit of 43 + -33 - (31263 + -9)/(-6)?
1
Let o(b) = -b**3 + 16*b**2 + 17*b + 3. Let p be o(17). Suppose z + 3*z = -0*z. Suppose -n = -2*h - 41, z*n + p*h - 78 = -3*n. What is the units digit of n?
1
Let m = -522 - -1726. What is the hundreds digit of m?
2
Suppose 24 = 12*c - 16*c. What is the units digit of 262 + c/4 + 2/4?
1
Suppose 16*x = 3656 + 2600. Let 